1092 (base 12) to base 16.
72e
Convert 239452 (base 10) to base 15.
4ae37
What is -1110001110011011111 (base 2) in base 12?
-1a5913
Convert -8962a (base 15) to base 6.
-13210021
What is 349c5 (base 14) in base 6?
2425201
212bc (base 14) to base 6
1414554
Convert 4926849 (base 11) to base 15.
b45697
1305651 (base 9) to base 16
ae03d
What is -551033555 (base 6) in base 2?
-100101100100100101001111
What is -201010001221 (base 3) in base 13?
-102319
Convert -17e2db (base 15) to base 16.
-11b9b8
22001012112 (base 3) to base 12
77772
-11121012221 (base 3) to base 11
-62044
Convert -115354 (base 14) to base 15.
-b9eec
Convert 362074 (base 15) to base 13.
6c83c5
What is -1644217 (base 9) in base 4?
-3133122001
Convert -864379 (base 13) to base 3.
-12221002111121
What is -83caee (base 15) in base 13?
-13b6a91
What is -1212210101 (base 4) in base 13?
-1192b5
76337 (base 9) to base 6
1030054
Convert -225665 (base 10) to base 5.
-24210130
What is 3344022 (base 6) in base 5?
20404413
What is 1044da5 (base 15) in base 8?
54223151
What is 41519 (base 13) in base 15?
24b58
Convert 11001001100001100001 (base 2) to base 10.
825441
11001001110011110111 (base 2) to base 5
202422430
-100001101111000110110 (base 2) to base 7
-12252631
What is 21c3b (base 14) in base 3?
11011110100
What is 184cb9 (base 16) in base 8?
6046271
Convert -4142715 (base 8) to base 16.
-10c5cd
What is 101010100101110000 (base 2) in base 14?
47808
-131001132 (base 4) to base 15
-25353
What is -19a736a (base 11) in base 7?
-40464011
What is 1001010011101100111 (base 2) in base 14?
7d219
What is -1033421 (base 7) in base 13?
-45515
Convert 11110111001100011 (base 2) to base 7.
1034663
What is e6999 (base 15) in base 8?
2624041
Convert -3f0b (base 16) to base 8.
-37413
What is -1000112110210 (base 3) in base 11?
-340230
Convert 11140244112 (base 5) to base 2.
101111011010111100110101
-23332143 (base 5) to base 11
-137318
Convert -1833593 (base 11) to base 9.
-5757161
What is -792046 (base 11) in base 4?
-10310010032
-1a68b (base 12) to base 13
-14990
What is 67207b (base 12) in base 9?
3071875
Convert 82a53 (base 11) to base 10.
121058
Convert 294263 (base 11) to base 7.
3622445
What is 63077 (base 8) in base 10?
26175
What is 2510732 (base 10) in base 3?
11201120002002
860936 (base 10) to base 5
210022221
-1001000101000110 (base 2) to base 12
-19632
-15329 (base 15) to base 5
-4140324
70570 (base 15) to base 5
42334410
Convert 530213 (base 9) to base 13.
b0568
What is 2c4100 (base 13) in base 14?
206b07
Convert 60319 (base 11) to base 8.
254245
What is -1100111101101011001 (base 2) in base 4?
-1213231121
What is -22233103 (base 4) in base 3?
-2020100011
What is 112100414 (base 5) in base 7?
4164104
What is -2b141 (base 15) in base 9?
-231177
Convert -101001010000011011000 (base 2) to base 5.
-321230041
What is -60633351 (base 7) in base 10?
-5050515
What is -871634 (base 10) in base 9?
-1567582
Convert 1047710 (base 10) to base 5.
232011320
Convert -6436322 (base 7) to base 2.
-10111111000011010010
Convert 62f849 (base 16) to base 9.
13175215
Convert 720236 (base 9) to base 6.
13051140
Convert 2740381 (base 10) to base 11.
1601986
-52010024 (base 8) to base 15
-e786c9
What is -1404423 (base 5) in base 8?
-70102
What is 112c2d (base 16) in base 15?
1736d1
What is ab16c (base 14) in base 15?
82cc6
-30130303 (base 4) to base 14
-14827
2104023 (base 10) to base 11
1207869
Convert -46277 (base 11) to base 15.
-14c36
What is -421806 (base 10) in base 5?
-101444211
Convert -9470661 (base 11) to base 12.
-570b551
What is 4327374 (base 9) in base 5?
1043241241
What is -256163 (base 8) in base 7?
-521032
985380 (base 10) to base 12
3b62b0
22001302 (base 4) to base 9
62307
What is 17c10 (base 13) in base 2?
1011001110011101
22724422 (base 8) to base 15
67e2a7
What is -1deec (base 15) in base 6?
-2033040
What is -122110130 (base 4) in base 8?
-322434
What is 56086 (base 13) in base 12?
76401
Convert 100021201110212 (base 3) to base 13.
103a2b5
Convert -2274b4 (base 14) to base 15.
-1826a5
Convert -110451444 (base 6) to base 13.
-54c289
-102217 (base 9) to base 8
-166415
Convert 11321 (base 11) to base 5.
1010413
Convert -7073aa7 (base 11) to base 10.
-12508734
What is 8600 (base 10) in base 16?
2198
-2322500 (base 6) to base 12
-59430
204800 (base 10) to base 5
23023200
1000110000011101111101 (base 2) to base 8
10603575
What is 51a609 (base 11) in base 16?
cb995
What is -381d8c (base 14) in base 9?
-3555240
Convert 51144 (base 6) to base 8.
15150
What is 399605 (base 12) in base 3?
1210020112012
What is 4ab6 (base 13) in base 10?
10627
4dc128 (base 14) to base 11
1573477
What is 453553 (base 8) in base 15?
30701
Convert 3136516 (base 8) to base 14.
17a394
What is 13033100331 (base 4) in base 5?
441210113
Convert 998334 (base 13) to base 4.
31303000230
What is 5145157 (base 9) in base 12?
b05344
Convert 23332023 (base 4) to base 12.
24463
Convert -b0074 (base 16) to base 5.
-141033022
Convert 2501687 (base 9) to base 5.
322000141
21210221211011 (base 3) to base 10
4152253
-1bb154 (base 12) to base 7
-4134325
Convert 1ee8f (base 16) to base 13.
45820
Convert -60478 (base 14) to base 16.
-387da
What is 7162322 (base 8) in base 15?
2760e1
Convert 49545 (base 13) to base 7.
1101231
-116578 (base 12) to base 13
-9aa30
Convert 864c6 (base 14) to base 3.
121111110210
What is -6583528 (base 10) in base 13?
-14967a3
What is 235091 (base 13) in base 15?
118a82
28f87 (base 16) to base 4
220332013
What is -100010001110100010011111 (base 2) in base 4?
-202032202133
Convert 1652ef (base 16) to base 11.
90a211
Convert 1194c (base 13) to base 11.
22333
15187630 (base 9) to base 2
11100110101000011001111
Convert 46502500 (base 8) to base 10.
10126656
Convert 5105314 (base 8) to base 13.
3819cb
What is -2497949 (base 10) in base 11?
-1456823
What is 5a0422 (base 11) in base 7?
11044005
121210104 (base 5) to base 4
2023000330
Convert 35197a (base 14) to base 11.
1027008
What is 739984 (base 10) in base 11?
465a63
What is -965538 (base 10) in base 5?
-221344123
What is 12107355 (base 8) in base 5?
1140024104
What is -947182 (base 10) in base 2?
-11100111001111101110
13954 (base 10) to base 11
a536
What is 1366654 (base 7) in base 11?
116991
What is 44b95 (base 12) in base 7?
530630
What is -6a7c7 (base 15) in base 11?
-211990
8d088 (base 16) to base 4
2031002020
Convert -6010 (base 9) to base 4.
-1010133
What is -2210221021011 (base 3) in base 9?
-2727234
What is 3240204 (base 5) in base 15?
1176e
Convert -1c27217 (base 13) to base 10.
-9355184
What is -27214134 (base 9) in base 7?
-222005014
What is 2115621 (base 8) in base 6?
20031345
Convert 60266604 (base 7) to base 12.
1808816
What is -1011618 (base 11) in base 4?
-12310211312
Convert a567c (base 16) to base 3.
1021102100121
Convert 202323321323 (base 4) to base 3.
122020021210002
Convert -374507 (base 10) to base 2.
-1011011011011101011
What is 2418101 (base 9) in base 2?
101000000001101000001
56ca0 (base 13) to base 11
a88a9
Convert -221121320 (base 4) to base 10.
-169592
200015230 (base 6) to base 2
1100110100101110100010
303131223 (base 4) to base 13
74c40
1101012112 (base 3) to base 13
c464
-113444135 (base 7) to base 2
-11010110001110000110010
Convert -100022022201 (base 3) to base 14.
-4aaaa
-12404234 (base 5) to base 12
-5aa38
What is 201152144 (base 6) in base 7?
41034466
Convert 100112021002111 (base 3) to base 16.
4d4415
-14100101 (base 5) to base 2
-100011000110100000
What is 180154 (base 12) in base 10?
414928
What is 15185657 (base 9) in base 16?
734b36
What is 55a1401 (base 11) in base 7?
146252222
Convert -12003223020 (base 4) to base 8.
-6035310
62692 (base 12) to base 10
128846
Convert 60453 (base 7) to base 13.
6882
-d4a5 (base 14) to base 4
-20323321
Convert 2211122020 (base 3) to base 15.
11849
What is 22112221220 (base 3) in base 5?
20341434
11103120 (base 4) to base 14
7cb6
100111010001011111000 (base 2) to base 13
3609a8
What is 1110100110101100 (base 2) in base 7?
336255
-f71c9 (base 16) to base 9
-1812382
-110112112121222 (base 3) to base 12
-2294252
10000001111100001001011 (base 2) to base 13
b61063
Convert -3012003 (base 4) to base 16.
-3183
-434135 (base 10) to base 15
-88975
-1438a5b (base 12) to base 14
-779263
What is -23860 (base 9)